{"id":37056,"date":"2015-09-09T11:09:12","date_gmt":"2015-09-09T11:09:12","guid":{"rendered":"https:\/\/www.undsgn.com\/uncode\/?page_id=37056"},"modified":"2025-07-16T14:38:52","modified_gmt":"2025-07-16T14:38:52","slug":"madhouse-2","status":"publish","type":"page","link":"https:\/\/portfolio.madhouse.pt\/portfolio\/","title":{"rendered":"Madhouse Design e Comunica\u00e7\u00e3o"},"content":{"rendered":"<p>[vc_row row_height_percent=&#8221;0&#8243; override_padding=&#8221;yes&#8221; h_padding=&#8221;2&#8243; top_padding=&#8221;2&#8243; bottom_padding=&#8221;0&#8243; overlay_alpha=&#8221;0&#8243; gutter_size=&#8221;100&#8243; column_width_percent=&#8221;100&#8243; shift_y=&#8221;0&#8243; z_index=&#8221;0&#8243; style=&#8221;inherited&#8221; row_name=&#8221;galeria&#8221;][vc_column column_width_percent=&#8221;100&#8243; align_horizontal=&#8221;align_center&#8221; gutter_size=&#8221;4&#8243; overlay_alpha=&#8221;100&#8243; shift_x=&#8221;0&#8243; shift_y=&#8221;0&#8243; z_index=&#8221;0&#8243; medium_width=&#8221;0&#8243; zoom_width=&#8221;0&#8243; zoom_height=&#8221;0&#8243; width=&#8221;1\/1&#8243;][vc_custom_heading text_font=&#8221;font-377884&#8243; text_size=&#8221;fontsize-285945&#8243; text_weight=&#8221;600&#8243; text_transform=&#8221;uppercase&#8221; sub_reduced=&#8221;yes&#8221; text_align=&#8221;text-center&#8221; text_serif=&#8221;&#8221;]PORTFOLIO[\/vc_custom_heading][\/vc_column][\/vc_row][vc_row unlock_row_content=&#8221;yes&#8221; row_height_percent=&#8221;0&#8243; override_padding=&#8221;yes&#8221; h_padding=&#8221;0&#8243; top_padding=&#8221;2&#8243; bottom_padding=&#8221;0&#8243; overlay_alpha=&#8221;100&#8243; gutter_size=&#8221;100&#8243; column_width_percent=&#8221;100&#8243; shift_y=&#8221;0&#8243; z_index=&#8221;0&#8243; style=&#8221;inherited&#8221;][vc_column column_width_percent=&#8221;100&#8243; align_horizontal=&#8221;align_center&#8221; gutter_size=&#8221;4&#8243; overlay_alpha=&#8221;100&#8243; shift_x=&#8221;0&#8243; shift_y=&#8221;0&#8243; z_index=&#8221;0&#8243; medium_width=&#8221;0&#8243; zoom_width=&#8221;0&#8243; zoom_height=&#8221;0&#8243; width=&#8221;1\/1&#8243;][uncode_index el_id=&#8221;index-2222&#8243; loop=&#8221;size:All|order_by:date|order:DESC|post_type:portfolio|by_id:73669,73726,73698,73623,73613,73604,73561,73577,73547,73532,73501,73494,73485,73478,73470,73451,73435,73425,73418,73414,73389,73382,73355,73349,73326,73316,73309,73295,73285,73279,73188,73179,73080,73042,73036,73029,73004,72996,72989,72983,72975,72924,72916,72902,72882,72866,72850,72840,72830,72805,72780,72761,72741,72731,72722,72709,72035,72140,72090,72148,72137,72146,72142,72150,72129,73756|taxonomy_order:id|taxonomy_count:All&#8221; style_preset=&#8221;metro&#8221; index_back_color=&#8221;color-jevc&#8221; screen_lg=&#8221;960&#8243; screen_md=&#8221;800&#8243; screen_sm=&#8221;100&#8243; filtering=&#8221;yes&#8221; filtering_uppercase=&#8221;yes&#8221; filtering_position=&#8221;center&#8221; gutter_size=&#8221;0&#8243; post_items=&#8221;title,media,text,link,author,date,category,extra&#8221; page_items=&#8221;title,media,text,category&#8221; product_items=&#8221;title,media,text,category,price&#8221; portfolio_items=&#8221;media|featured|onpost|poster,title,detail-422891&#8243; infinite=&#8221;yes&#8221; single_text=&#8221;overlay&#8221; single_width=&#8221;3&#8243; single_height=&#8221;3&#8243; single_overlay_color=&#8221;color-741587&#8243; single_overlay_opacity=&#8221;85&#8243; single_image_color_anim=&#8221;yes&#8221; single_v_position=&#8221;bottom&#8221; single_reduced=&#8221;three_quarter&#8221; single_h_position=&#8221;center&#8221; single_padding=&#8221;3&#8243; single_text_reduced=&#8221;yes&#8221; single_title_semantic=&#8221;h4&#8243; single_title_dimension=&#8221;h5&#8243; single_border=&#8221;yes&#8221; single_css_animation=&#8221;bottom-t-top&#8221; single_animation_speed=&#8221;400&#8243; single_animation_delay=&#8221;200&#8243; filtering_transform=&#8221;uppercase&#8221; carousel_rtl=&#8221;&#8221; single_block_click=&#8221;yes&#8221; single_text_hover=&#8221;yes&#8221; single_no_background=&#8221;&#8221; single_title_serif=&#8221;&#8221; single_title_divider=&#8221;&#8221; single_half_padding=&#8221;&#8221; single_title_bold=&#8221;yes&#8221; footer_position=&#8221;left&#8221; title=&#8221;Portfolio Madhouse&#8221; items=&#8221;eyI0MDgxX2kiOnsic2luZ2xlX3dpZHRoIjoiNiIsInNpbmdsZV9oZWlnaHQiOiI2In19&#8243; order_ids=&#8221;73669,73623,73613,73604,73577,73561,73547,73532,73485,73478,73470,73494,73451,73442,73425,73389,73414,73435,72035,73418,73355,73349,73316,73326,73309,72140,73188,72805,73004,72902,73501,72142,73080,72137,72731,72129,72148,73382,72741,72146,73029,72761,72722,72924,72709,72150,72916,73295,72090,72850,72780,73179,72983,73285,72866,72882,73279,72840,72830,73042,72989,73036,72975,72996&#8243; uncode_shortcode_id=&#8221;131007&#8243; index_back_color_type=&#8221;uncode-palette&#8221;][\/vc_column][\/vc_row][vc_row row_height_percent=&#8221;0&#8243; override_padding=&#8221;yes&#8221; h_padding=&#8221;2&#8243; top_padding=&#8221;3&#8243; bottom_padding=&#8221;2&#8243; overlay_alpha=&#8221;0&#8243; gutter_size=&#8221;100&#8243; column_width_percent=&#8221;100&#8243; shift_y=&#8221;0&#8243; z_index=&#8221;0&#8243; style=&#8221;inherited&#8221; row_name=&#8221;about&#8221;][vc_column column_width_percent=&#8221;100&#8243; align_horizontal=&#8221;align_center&#8221; gutter_size=&#8221;4&#8243; overlay_alpha=&#8221;100&#8243; shift_x=&#8221;0&#8243; shift_y=&#8221;0&#8243; z_index=&#8221;0&#8243; medium_width=&#8221;0&#8243; zoom_width=&#8221;0&#8243; zoom_height=&#8221;0&#8243; width=&#8221;1\/1&#8243;][vc_custom_heading text_font=&#8221;font-377884&#8243; text_size=&#8221;fontsize-285945&#8243; text_weight=&#8221;600&#8243; text_transform=&#8221;uppercase&#8221; sub_lead=&#8221;yes&#8221; sub_reduced=&#8221;yes&#8221; text_align=&#8221;text-center&#8221; text_serif=&#8221;&#8221;]ABOUT US[\/vc_custom_heading][vc_column_text el_class=&#8221;margemTexto&#8221; css=&#8221;.vc_custom_1527157376360{margin-top: 36px !important;}&#8221;]A MADHOUSE \u00e9 uma ag\u00eancia multidisciplinar, que oferece servi\u00e7os de design e comunica\u00e7\u00e3o<\/p>\n<p>atrav\u00e9s de uma vasta variedade de meios, desde o Branding aos Ambientes.<\/p>\n<p>Pensamos, envolvemos e definimos experi\u00eancias de comunica\u00e7\u00e3o significativas, distintivas e alcan\u00e7\u00e1veis.[\/vc_column_text][\/vc_column][\/vc_row][vc_row unlock_row_content=&#8221;yes&#8221; row_height_percent=&#8221;0&#8243; override_padding=&#8221;yes&#8221; h_padding=&#8221;2&#8243; top_padding=&#8221;2&#8243; bottom_padding=&#8221;4&#8243; overlay_alpha=&#8221;0&#8243; gutter_size=&#8221;100&#8243; column_width_percent=&#8221;100&#8243; shift_y=&#8221;0&#8243; z_index=&#8221;0&#8243; style=&#8221;inherited&#8221;][vc_column column_width_percent=&#8221;75&#8243; align_horizontal=&#8221;align_center&#8221; gutter_size=&#8221;4&#8243; overlay_alpha=&#8221;100&#8243; shift_x=&#8221;0&#8243; shift_y=&#8221;0&#8243; z_index=&#8221;0&#8243; medium_width=&#8221;0&#8243; zoom_width=&#8221;0&#8243; zoom_height=&#8221;0&#8243; width=&#8221;1\/1&#8243;][vc_row_inner row_inner_height_percent=&#8221;0&#8243; overlay_alpha=&#8221;100&#8243; gutter_size=&#8221;4&#8243; shift_y=&#8221;0&#8243;][vc_column_inner column_width_percent=&#8221;100&#8243; gutter_size=&#8221;3&#8243; overlay_alpha=&#8221;100&#8243; shift_x=&#8221;0&#8243; shift_y=&#8221;0&#8243; shift_y_down=&#8221;0&#8243; z_index=&#8221;0&#8243; medium_width=&#8221;3&#8243; mobile_width=&#8221;0&#8243; zoom_width=&#8221;0&#8243; zoom_height=&#8221;0&#8243; width=&#8221;1\/4&#8243;][vc_custom_heading text_font=&#8221;font-377884&#8243; text_size=&#8221;h4&#8243;]Branding[\/vc_custom_heading][vc_separator sep_color=&#8221;color-741587&#8243; el_class=&#8221;margemsuperior&#8221;][uncode_list icon=&#8221;fa fa-circle&#8221; icon_color=&#8221;color-741587&#8243;]<\/p>\n<ul>\n<li>Identidade<\/li>\n<li>Imag\u00e9tica<\/li>\n<li>Ativa\u00e7\u00e3o<\/li>\n<li>Naming<\/li>\n<\/ul>\n<p>[\/uncode_list][\/vc_column_inner][vc_column_inner column_width_percent=&#8221;100&#8243; gutter_size=&#8221;3&#8243; overlay_alpha=&#8221;100&#8243; shift_x=&#8221;0&#8243; shift_y=&#8221;0&#8243; z_index=&#8221;0&#8243; medium_width=&#8221;3&#8243; zoom_width=&#8221;0&#8243; zoom_height=&#8221;0&#8243; width=&#8221;1\/4&#8243;][vc_custom_heading text_font=&#8221;font-377884&#8243; text_size=&#8221;h4&#8243;]Print[\/vc_custom_heading][vc_separator sep_color=&#8221;color-741587&#8243;][uncode_list icon=&#8221;fa fa-circle&#8221; icon_color=&#8221;color-741587&#8243;]<\/p>\n<ul>\n<li>Divulga\u00e7\u00e3o<\/li>\n<li>Relat\u00f3rio e contas<\/li>\n<li>Packaging<\/li>\n<li>Cat\u00e1logos<\/li>\n<\/ul>\n<p>[\/uncode_list][\/vc_column_inner][vc_column_inner column_width_percent=&#8221;100&#8243; gutter_size=&#8221;3&#8243; overlay_alpha=&#8221;100&#8243; shift_x=&#8221;0&#8243; shift_y=&#8221;0&#8243; z_index=&#8221;0&#8243; medium_width=&#8221;3&#8243; zoom_width=&#8221;0&#8243; zoom_height=&#8221;0&#8243; width=&#8221;1\/4&#8243;][vc_custom_heading text_font=&#8221;font-377884&#8243; text_size=&#8221;h4&#8243;]Digital[\/vc_custom_heading][vc_separator sep_color=&#8221;color-741587&#8243;][uncode_list icon=&#8221;fa fa-circle&#8221; icon_color=&#8221;color-741587&#8243;]<\/p>\n<ul>\n<li>Websites<\/li>\n<li>E-Commerce<\/li>\n<li>Gest\u00e3o de Redes Sociais<\/li>\n<li>Email Marketing<\/li>\n<li>SEO<\/li>\n<\/ul>\n<p>[\/uncode_list][\/vc_column_inner][vc_column_inner width=&#8221;1\/4&#8243;][vc_custom_heading text_font=&#8221;font-377884&#8243; text_size=&#8221;h4&#8243;]Ambientes[\/vc_custom_heading][vc_separator sep_color=&#8221;color-741587&#8243;][uncode_list icon=&#8221;fa fa-caret-right&#8221; icon_color=&#8221;color-741587&#8243;]<\/p>\n<ul>\n<li>Design Equipamentos<\/li>\n<li>Ponto de Venda<\/li>\n<li>Arquitetura<\/li>\n<li>Stands<\/li>\n<li>Mobili\u00e1rio<\/li>\n<\/ul>\n<p>[\/uncode_list][\/vc_column_inner][\/vc_row_inner][\/vc_column][\/vc_row][vc_row row_height_percent=&#8221;0&#8243; override_padding=&#8221;yes&#8221; h_padding=&#8221;2&#8243; top_padding=&#8221;2&#8243; bottom_padding=&#8221;3&#8243; overlay_alpha=&#8221;100&#8243; gutter_size=&#8221;3&#8243; column_width_percent=&#8221;100&#8243; border_color=&#8221;color-138678&#8243; border_style=&#8221;solid&#8221; shift_y=&#8221;0&#8243; z_index=&#8221;0&#8243;][vc_column column_width_percent=&#8221;100&#8243; align_horizontal=&#8221;align_center&#8221; gutter_size=&#8221;3&#8243; overlay_alpha=&#8221;100&#8243; shift_x=&#8221;0&#8243; shift_y=&#8221;0&#8243; z_index=&#8221;0&#8243; medium_width=&#8221;0&#8243; zoom_width=&#8221;0&#8243; zoom_height=&#8221;0&#8243; width=&#8221;1\/1&#8243;][vc_gallery el_id=&#8221;gallery-57854&#8243; type=&#8221;carousel&#8221; medias=&#8221;72211,72212,72213,72214,72215,72216,72217,72219,72220,72221,72222,72223,72224,72226,73378,73379&#8243; carousel_lg=&#8221;6&#8243; carousel_md=&#8221;5&#8243; carousel_sm=&#8221;3&#8243; gutter_size=&#8221;3&#8243; media_items=&#8221;media|nolink|original,icon|md&#8221; carousel_interval=&#8221;3000&#8243; carousel_navspeed=&#8221;400&#8243; carousel_loop=&#8221;yes&#8221; stage_padding=&#8221;0&#8243; single_overlay_opacity=&#8221;50&#8243; single_overlay_anim=&#8221;no&#8221; single_text_anim=&#8221;no&#8221; single_image_anim=&#8221;no&#8221; single_padding=&#8221;2&#8243; single_border=&#8221;yes&#8221; title=&#8221;Clientes&#8221;][\/vc_column][\/vc_row][vc_row row_height_percent=&#8221;0&#8243; override_padding=&#8221;yes&#8221; h_padding=&#8221;2&#8243; top_padding=&#8221;2&#8243; bottom_padding=&#8221;2&#8243; back_color=&#8221;color-xsdn&#8221; overlay_alpha=&#8221;100&#8243; gutter_size=&#8221;3&#8243; column_width_percent=&#8221;100&#8243; border_color=&#8221;color-138678&#8243; border_style=&#8221;solid&#8221; shift_y=&#8221;0&#8243; z_index=&#8221;0&#8243; mobile_visibility=&#8221;yes&#8221; css=&#8221;.vc_custom_1523555088870{border-top-width: 1px !important;}&#8221; el_class=&#8221;sombra&#8221;][vc_column column_width_percent=&#8221;100&#8243; position_vertical=&#8221;bottom&#8221; align_horizontal=&#8221;align_center&#8221; gutter_size=&#8221;3&#8243; expand_height=&#8221;yes&#8221; overlay_alpha=&#8221;100&#8243; shift_x=&#8221;0&#8243; shift_y=&#8221;0&#8243; shift_y_down=&#8221;0&#8243; z_index=&#8221;0&#8243; medium_width=&#8221;0&#8243; mobile_width=&#8221;0&#8243; zoom_width=&#8221;0&#8243; zoom_height=&#8221;0&#8243; width=&#8221;1\/1&#8243;][vc_single_image media=&#8221;72697&#8243; media_width_percent=&#8221;100&#8243; alignment=&#8221;center&#8221; lbox_skin=&#8221;white&#8221;][vc_empty_space empty_h=&#8221;0&#8243; el_class=&#8221;espaco&#8221;][\/vc_column][\/vc_row][vc_row row_height_percent=&#8221;0&#8243; override_padding=&#8221;yes&#8221; h_padding=&#8221;2&#8243; top_padding=&#8221;2&#8243; bottom_padding=&#8221;2&#8243; back_color=&#8221;color-xsdn&#8221; overlay_alpha=&#8221;100&#8243; gutter_size=&#8221;3&#8243; column_width_percent=&#8221;100&#8243; border_color=&#8221;color-138678&#8243; border_style=&#8221;solid&#8221; shift_y=&#8221;0&#8243; z_index=&#8221;0&#8243; desktop_visibility=&#8221;yes&#8221; medium_visibility=&#8221;yes&#8221; css=&#8221;.vc_custom_1523555096183{border-top-width: 1px !important;}&#8221; el_class=&#8221;sombra&#8221;][vc_column column_width_percent=&#8221;100&#8243; position_vertical=&#8221;bottom&#8221; align_horizontal=&#8221;align_center&#8221; gutter_size=&#8221;3&#8243; expand_height=&#8221;yes&#8221; overlay_alpha=&#8221;100&#8243; shift_x=&#8221;0&#8243; shift_y=&#8221;0&#8243; shift_y_down=&#8221;0&#8243; z_index=&#8221;0&#8243; medium_width=&#8221;0&#8243; mobile_width=&#8221;0&#8243; zoom_width=&#8221;0&#8243; zoom_height=&#8221;0&#8243; width=&#8221;1\/1&#8243;][vc_single_image media=&#8221;72572&#8243; media_poster=&#8221;yes&#8221; media_width_percent=&#8221;100&#8243; alignment=&#8221;center&#8221; lbox_skin=&#8221;white&#8221;][\/vc_column][\/vc_row]<\/p>\n","protected":false},"excerpt":{"rendered":"<p>[vc_row row_height_percent=&#8221;0&#8243; override_padding=&#8221;yes&#8221; h_padding=&#8221;2&#8243; top_padding=&#8221;2&#8243; bottom_padding=&#8221;0&#8243; overlay_alpha=&#8221;0&#8243; gutter_size=&#8221;100&#8243; column_width_percent=&#8221;100&#8243; shift_y=&#8221;0&#8243; z_index=&#8221;0&#8243; style=&#8221;inherited&#8221; row_name=&#8221;galeria&#8221;][vc_column column_width_percent=&#8221;100&#8243; align_horizontal=&#8221;align_center&#8221; gutter_size=&#8221;4&#8243; overlay_alpha=&#8221;100&#8243; shift_x=&#8221;0&#8243; shift_y=&#8221;0&#8243; z_index=&#8221;0&#8243; [&hellip;]<\/p>\n","protected":false},"author":1,"featured_media":0,"parent":0,"menu_order":0,"comment_status":"closed","ping_status":"closed","template":"","meta":[],"_links":{"self":[{"href":"https:\/\/portfolio.madhouse.pt\/portfolio\/wp-json\/wp\/v2\/pages\/37056"}],"collection":[{"href":"https:\/\/portfolio.madhouse.pt\/portfolio\/wp-json\/wp\/v2\/pages"}],"about":[{"href":"https:\/\/portfolio.madhouse.pt\/portfolio\/wp-json\/wp\/v2\/types\/page"}],"author":[{"embeddable":true,"href":"https:\/\/portfolio.madhouse.pt\/portfolio\/wp-json\/wp\/v2\/users\/1"}],"replies":[{"embeddable":true,"href":"https:\/\/portfolio.madhouse.pt\/portfolio\/wp-json\/wp\/v2\/comments?post=37056"}],"version-history":[{"count":3,"href":"https:\/\/portfolio.madhouse.pt\/portfolio\/wp-json\/wp\/v2\/pages\/37056\/revisions"}],"predecessor-version":[{"id":73770,"href":"https:\/\/portfolio.madhouse.pt\/portfolio\/wp-json\/wp\/v2\/pages\/37056\/revisions\/73770"}],"wp:attachment":[{"href":"https:\/\/portfolio.madhouse.pt\/portfolio\/wp-json\/wp\/v2\/media?parent=37056"}],"curies":[{"name":"wp","href":"https:\/\/api.w.org\/{rel}","templated":true}]}}